{"id":2,"date":"2023-11-10T17:38:56","date_gmt":"2023-11-10T16:38:56","guid":{"rendered":"http:\/\/www.atlantegroupsrl.com\/?page_id=2"},"modified":"2024-04-22T19:34:53","modified_gmt":"2024-04-22T17:34:53","slug":"responsabilita-sociale","status":"publish","type":"page","link":"https:\/\/www.atlantegroupsrl.com\/index.php\/responsabilita-sociale\/","title":{"rendered":"RESPONSABILITA&#8217; SOCIALE E SEGNALAZIONI"},"content":{"rendered":"\t\t<div data-elementor-type=\"wp-page\" data-elementor-id=\"2\" class=\"elementor elementor-2\" data-elementor-post-type=\"page\">\n\t\t\t\t\t\t\t<div class=\"elementor-element elementor-element-3331fb52 e-flex e-con-boxed e-con e-parent\" data-id=\"3331fb52\" data-element_type=\"container\" data-settings=\"{&quot;content_width&quot;:&quot;boxed&quot;}\" data-core-v316-plus=\"true\">\n\t\t\t\t\t<div class=\"e-con-inner\">\n\t\t\t\t<div class=\"elementor-element elementor-element-258b99c3 elementor-widget elementor-widget-text-editor\" data-id=\"258b99c3\" data-element_type=\"widget\" data-widget_type=\"text-editor.default\">\n\t\t\t\t<div class=\"elementor-widget-container\">\n\t\t\t<style>\/*! elementor - v3.17.0 - 08-11-2023 *\/\n.elementor-widget-text-editor.elementor-drop-cap-view-stacked .elementor-drop-cap{background-color:#69727d;color:#fff}.elementor-widget-text-editor.elementor-drop-cap-view-framed .elementor-drop-cap{color:#69727d;border:3px solid;background-color:transparent}.elementor-widget-text-editor:not(.elementor-drop-cap-view-default) .elementor-drop-cap{margin-top:8px}.elementor-widget-text-editor:not(.elementor-drop-cap-view-default) .elementor-drop-cap-letter{width:1em;height:1em}.elementor-widget-text-editor .elementor-drop-cap{float:left;text-align:center;line-height:1;font-size:50px}.elementor-widget-text-editor .elementor-drop-cap-letter{display:inline-block}<\/style>\t\t\t\t<p><!-- wp:paragraph --><\/p>\n<p>ATLANTE Group ha deciso di adottare un Sistema di Gestione della Responsabilit\u00e0 Sociale secondo la norma di riferimento SA8000 per rendere pi\u00f9 completo il sistema di gestione aziendale e per approfondire le tematiche riguardanti la Qualit\u00e0 e il comportamento etico. La societ\u00e0, conscia dell\u2019importanza che riveste l\u2019aspetto sociale dell\u2019impresa, ritiene che una corretta politica aziendale ed approccio in materia di responsabilit\u00e0 sociale possa offrire un contributo notevole al miglioramento delle condizioni sociali all\u2019interno del luogo di lavoro e, esternamente, una migliore credibilit\u00e0 e visibilit\u00e0 della societ\u00e0 consortile, coinvolgendo fornitori, comunit\u00e0 locali ed una clientela sempre pi\u00f9 attenta alle questioni etiche.<\/p>\n<p>\u00a0<\/p>\n<p><span style=\"caret-color: #000000; color: #000000; font-family: Aptos, sans-serif; font-size: 14.666667px;\"><a href=\"https:\/\/www.atlantegroupsrl.com\/wp-content\/uploads\/2024\/04\/sa8000.zip\">POLITICA, MODULO SEGNALAZIONI E PROCEDURA SEGNALAZIONI (scarica <\/a>cliccando<a href=\"https:\/\/www.atlantegroupsrl.com\/wp-content\/uploads\/2024\/04\/SA8000.zip\"> il link)<\/a><\/span><\/p>\n<p><!-- \/wp:paragraph --><\/p>\t\t\t\t\t\t<\/div>\n\t\t\t\t<\/div>\n\t\t\t\t\t<\/div>\n\t\t\t\t<\/div>\n\t\t\t\t\t\t\t<\/div>\n\t\t","protected":false},"excerpt":{"rendered":"<p>ATLANTE Group ha deciso di adottare un Sistema di Gestione della Responsabilit\u00e0 Sociale secondo la norma di riferimento SA8000 per rendere pi\u00f9 completo il sistema di gestione aziendale e per approfondire le tematiche riguardanti la Qualit\u00e0 e il comportamento etico. La societ\u00e0, conscia dell\u2019importanza che riveste l\u2019aspetto sociale dell\u2019impresa, ritiene che una corretta politica aziendale [&hellip;]<\/p>\n","protected":false},"author":1,"featured_media":0,"parent":0,"menu_order":0,"comment_status":"closed","ping_status":"closed","template":"","meta":{"footnotes":""},"class_list":["post-2","page","type-page","status-publish","hentry"],"yoast_head":"<!-- This site is optimized with the Yoast SEO plugin v22.6 - https:\/\/yoast.com\/wordpress\/plugins\/seo\/ -->\n<title>RESPONSABILITA&#039; SOCIALE E SEGNALAZIONI - Atlante Group<\/title>\n<meta name=\"robots\" content=\"index, follow, max-snippet:-1, max-image-preview:large, max-video-preview:-1\" \/>\n<link rel=\"canonical\" href=\"https:\/\/www.atlantegroupsrl.com\/index.php\/responsabilita-sociale\/\" \/>\n<meta property=\"og:locale\" content=\"it_IT\" \/>\n<meta property=\"og:type\" content=\"article\" \/>\n<meta property=\"og:title\" content=\"RESPONSABILITA&#039; SOCIALE E SEGNALAZIONI - Atlante Group\" \/>\n<meta property=\"og:description\" content=\"ATLANTE Group ha deciso di adottare un Sistema di Gestione della Responsabilit\u00e0 Sociale secondo la norma di riferimento SA8000 per rendere pi\u00f9 completo il sistema di gestione aziendale e per approfondire le tematiche riguardanti la Qualit\u00e0 e il comportamento etico. La societ\u00e0, conscia dell\u2019importanza che riveste l\u2019aspetto sociale dell\u2019impresa, ritiene che una corretta politica aziendale [&hellip;]\" \/>\n<meta property=\"og:url\" content=\"https:\/\/www.atlantegroupsrl.com\/index.php\/responsabilita-sociale\/\" \/>\n<meta property=\"og:site_name\" content=\"Atlante Group\" \/>\n<meta property=\"article:modified_time\" content=\"2024-04-22T17:34:53+00:00\" \/>\n<meta name=\"twitter:card\" content=\"summary_large_image\" \/>\n<meta name=\"twitter:label1\" content=\"Tempo di lettura stimato\" \/>\n\t<meta name=\"twitter:data1\" content=\"1 minuto\" \/>\n<script type=\"application\/ld+json\" class=\"yoast-schema-graph\">{\"@context\":\"https:\/\/schema.org\",\"@graph\":[{\"@type\":\"WebPage\",\"@id\":\"https:\/\/www.atlantegroupsrl.com\/index.php\/responsabilita-sociale\/\",\"url\":\"https:\/\/www.atlantegroupsrl.com\/index.php\/responsabilita-sociale\/\",\"name\":\"RESPONSABILITA' SOCIALE E SEGNALAZIONI - Atlante Group\",\"isPartOf\":{\"@id\":\"https:\/\/www.atlantegroupsrl.com\/#website\"},\"datePublished\":\"2023-11-10T16:38:56+00:00\",\"dateModified\":\"2024-04-22T17:34:53+00:00\",\"breadcrumb\":{\"@id\":\"https:\/\/www.atlantegroupsrl.com\/index.php\/responsabilita-sociale\/#breadcrumb\"},\"inLanguage\":\"it-IT\",\"potentialAction\":[{\"@type\":\"ReadAction\",\"target\":[\"https:\/\/www.atlantegroupsrl.com\/index.php\/responsabilita-sociale\/\"]}]},{\"@type\":\"BreadcrumbList\",\"@id\":\"https:\/\/www.atlantegroupsrl.com\/index.php\/responsabilita-sociale\/#breadcrumb\",\"itemListElement\":[{\"@type\":\"ListItem\",\"position\":1,\"name\":\"Home\",\"item\":\"https:\/\/www.atlantegroupsrl.com\/\"},{\"@type\":\"ListItem\",\"position\":2,\"name\":\"RESPONSABILITA&#8217; SOCIALE E SEGNALAZIONI\"}]},{\"@type\":\"WebSite\",\"@id\":\"https:\/\/www.atlantegroupsrl.com\/#website\",\"url\":\"https:\/\/www.atlantegroupsrl.com\/\",\"name\":\"Atlante Group\",\"description\":\"\",\"publisher\":{\"@id\":\"https:\/\/www.atlantegroupsrl.com\/#organization\"},\"potentialAction\":[{\"@type\":\"SearchAction\",\"target\":{\"@type\":\"EntryPoint\",\"urlTemplate\":\"https:\/\/www.atlantegroupsrl.com\/?s={search_term_string}\"},\"query-input\":\"required name=search_term_string\"}],\"inLanguage\":\"it-IT\"},{\"@type\":\"Organization\",\"@id\":\"https:\/\/www.atlantegroupsrl.com\/#organization\",\"name\":\"Atlante Group Srl\",\"url\":\"https:\/\/www.atlantegroupsrl.com\/\",\"logo\":{\"@type\":\"ImageObject\",\"inLanguage\":\"it-IT\",\"@id\":\"https:\/\/www.atlantegroupsrl.com\/#\/schema\/logo\/image\/\",\"url\":\"https:\/\/www.atlantegroupsrl.com\/wp-content\/uploads\/2024\/03\/cropped-Atlante-Group-vettoriale.webp\",\"contentUrl\":\"https:\/\/www.atlantegroupsrl.com\/wp-content\/uploads\/2024\/03\/cropped-Atlante-Group-vettoriale.webp\",\"width\":500,\"height\":217,\"caption\":\"Atlante Group Srl\"},\"image\":{\"@id\":\"https:\/\/www.atlantegroupsrl.com\/#\/schema\/logo\/image\/\"}}]}<\/script>\n<!-- \/ Yoast SEO plugin. -->","yoast_head_json":{"title":"RESPONSABILITA' SOCIALE E SEGNALAZIONI - Atlante Group","robots":{"index":"index","follow":"follow","max-snippet":"max-snippet:-1","max-image-preview":"max-image-preview:large","max-video-preview":"max-video-preview:-1"},"canonical":"https:\/\/www.atlantegroupsrl.com\/index.php\/responsabilita-sociale\/","og_locale":"it_IT","og_type":"article","og_title":"RESPONSABILITA' SOCIALE E SEGNALAZIONI - Atlante Group","og_description":"ATLANTE Group ha deciso di adottare un Sistema di Gestione della Responsabilit\u00e0 Sociale secondo la norma di riferimento SA8000 per rendere pi\u00f9 completo il sistema di gestione aziendale e per approfondire le tematiche riguardanti la Qualit\u00e0 e il comportamento etico. La societ\u00e0, conscia dell\u2019importanza che riveste l\u2019aspetto sociale dell\u2019impresa, ritiene che una corretta politica aziendale [&hellip;]","og_url":"https:\/\/www.atlantegroupsrl.com\/index.php\/responsabilita-sociale\/","og_site_name":"Atlante Group","article_modified_time":"2024-04-22T17:34:53+00:00","twitter_card":"summary_large_image","twitter_misc":{"Tempo di lettura stimato":"1 minuto"},"schema":{"@context":"https:\/\/schema.org","@graph":[{"@type":"WebPage","@id":"https:\/\/www.atlantegroupsrl.com\/index.php\/responsabilita-sociale\/","url":"https:\/\/www.atlantegroupsrl.com\/index.php\/responsabilita-sociale\/","name":"RESPONSABILITA' SOCIALE E SEGNALAZIONI - Atlante Group","isPartOf":{"@id":"https:\/\/www.atlantegroupsrl.com\/#website"},"datePublished":"2023-11-10T16:38:56+00:00","dateModified":"2024-04-22T17:34:53+00:00","breadcrumb":{"@id":"https:\/\/www.atlantegroupsrl.com\/index.php\/responsabilita-sociale\/#breadcrumb"},"inLanguage":"it-IT","potentialAction":[{"@type":"ReadAction","target":["https:\/\/www.atlantegroupsrl.com\/index.php\/responsabilita-sociale\/"]}]},{"@type":"BreadcrumbList","@id":"https:\/\/www.atlantegroupsrl.com\/index.php\/responsabilita-sociale\/#breadcrumb","itemListElement":[{"@type":"ListItem","position":1,"name":"Home","item":"https:\/\/www.atlantegroupsrl.com\/"},{"@type":"ListItem","position":2,"name":"RESPONSABILITA&#8217; SOCIALE E SEGNALAZIONI"}]},{"@type":"WebSite","@id":"https:\/\/www.atlantegroupsrl.com\/#website","url":"https:\/\/www.atlantegroupsrl.com\/","name":"Atlante Group","description":"","publisher":{"@id":"https:\/\/www.atlantegroupsrl.com\/#organization"},"potentialAction":[{"@type":"SearchAction","target":{"@type":"EntryPoint","urlTemplate":"https:\/\/www.atlantegroupsrl.com\/?s={search_term_string}"},"query-input":"required name=search_term_string"}],"inLanguage":"it-IT"},{"@type":"Organization","@id":"https:\/\/www.atlantegroupsrl.com\/#organization","name":"Atlante Group Srl","url":"https:\/\/www.atlantegroupsrl.com\/","logo":{"@type":"ImageObject","inLanguage":"it-IT","@id":"https:\/\/www.atlantegroupsrl.com\/#\/schema\/logo\/image\/","url":"https:\/\/www.atlantegroupsrl.com\/wp-content\/uploads\/2024\/03\/cropped-Atlante-Group-vettoriale.webp","contentUrl":"https:\/\/www.atlantegroupsrl.com\/wp-content\/uploads\/2024\/03\/cropped-Atlante-Group-vettoriale.webp","width":500,"height":217,"caption":"Atlante Group Srl"},"image":{"@id":"https:\/\/www.atlantegroupsrl.com\/#\/schema\/logo\/image\/"}}]}},"_links":{"self":[{"href":"https:\/\/www.atlantegroupsrl.com\/index.php\/wp-json\/wp\/v2\/pages\/2","targetHints":{"allow":["GET"]}}],"collection":[{"href":"https:\/\/www.atlantegroupsrl.com\/index.php\/wp-json\/wp\/v2\/pages"}],"about":[{"href":"https:\/\/www.atlantegroupsrl.com\/index.php\/wp-json\/wp\/v2\/types\/page"}],"author":[{"embeddable":true,"href":"https:\/\/www.atlantegroupsrl.com\/index.php\/wp-json\/wp\/v2\/users\/1"}],"replies":[{"embeddable":true,"href":"https:\/\/www.atlantegroupsrl.com\/index.php\/wp-json\/wp\/v2\/comments?post=2"}],"version-history":[{"count":10,"href":"https:\/\/www.atlantegroupsrl.com\/index.php\/wp-json\/wp\/v2\/pages\/2\/revisions"}],"predecessor-version":[{"id":750,"href":"https:\/\/www.atlantegroupsrl.com\/index.php\/wp-json\/wp\/v2\/pages\/2\/revisions\/750"}],"wp:attachment":[{"href":"https:\/\/www.atlantegroupsrl.com\/index.php\/wp-json\/wp\/v2\/media?parent=2"}],"curies":[{"name":"wp","href":"https:\/\/api.w.org\/{rel}","templated":true}]}}